{"id":6,"date":"2013-03-19T22:46:43","date_gmt":"2013-03-19T20:46:43","guid":{"rendered":"http:\/\/localhost\/kursstudio\/wp\/?page_id=6"},"modified":"2024-01-28T18:33:04","modified_gmt":"2024-01-28T16:33:04","slug":"das-studio","status":"publish","type":"page","link":"http:\/\/www.kursstudio.de\/?page_id=6","title":{"rendered":"Dein Studio"},"content":{"rendered":"<section class=\"wpb-content-wrapper\"><p>[vc_row enable_grid_lines=&#8220;&#8220;][vc_column]\n\t\t\t<!-- START Slider 1 REVOLUTION SLIDER 6.1.5 --><p class=\"rs-p-wp-fix\"><\/p>\n\t\t\t<rs-module-wrap id=\"rev_slider_13_1_wrapper\" data-source=\"gallery\" style=\"background:transparent;padding:0;margin:0px auto;margin-top:0;margin-bottom:0;\">\n\t\t\t\t<rs-module id=\"rev_slider_13_1\" style=\"display:none;\" data-version=\"6.1.5\">\n\t\t\t\t\t<rs-slides>\n\t\t\t\t\t\t<rs-slide data-key=\"rs-38\" data-title=\"Slide\" data-anim=\"ei:d;eo:d;s:50;r:0;t:fade;sl:0;\">\n\t\t\t\t\t\t\t<img src=\"\/\/www.kursstudio.de\/wp-content\/plugins\/revslider\/public\/assets\/assets\/transparent.png\" title=\"Dein Studio\" data-bg=\"c:#f6f6f6;\" class=\"rev-slidebg\" data-no-retina>\n<!--\n\t\t\t\t\t\t\t--><rs-layer\n\t\t\t\t\t\t\t\tid=\"slider-13-slide-38-layer-7\" \n\t\t\t\t\t\t\t\tdata-type=\"image\"\n\t\t\t\t\t\t\t\tdata-rsp_ch=\"on\"\n\t\t\t\t\t\t\t\tdata-xy=\"xo:-207px,-170px,-129px,-79px;yo:-31px,-25px,-18px,-11px;\"\n\t\t\t\t\t\t\t\tdata-text=\"w:normal;s:20,16,12,7;l:0,20,15,9;\"\n\t\t\t\t\t\t\t\tdata-dim=\"w:973px,803px,610px,376px;h:473px,390px,296px,182px;\"\n\t\t\t\t\t\t\t\tdata-frame_999=\"o:0;st:w;sR:8700;\"\n\t\t\t\t\t\t\t\tstyle=\"z-index:10;\"\n\t\t\t\t\t\t\t><img src=\"\/\/www.kursstudio.de\/wp-content\/uploads\/2020\/04\/gjb.jpg\" width=\"648\" height=\"315\" data-no-retina> \n\t\t\t\t\t\t\t<\/rs-layer><!--\n\n\t\t\t\t\t\t\t--><rs-layer\n\t\t\t\t\t\t\t\tid=\"slider-13-slide-38-layer-8\" \n\t\t\t\t\t\t\t\tdata-type=\"image\"\n\t\t\t\t\t\t\t\tdata-rsp_ch=\"on\"\n\t\t\t\t\t\t\t\tdata-xy=\"xo:52px,42px,31px,19px;yo:33px,27px,20px,12px;\"\n\t\t\t\t\t\t\t\tdata-text=\"w:normal;s:20,16,12,7;l:0,20,15,9;\"\n\t\t\t\t\t\t\t\tdata-dim=\"w:612px,505px,383px,236px;h:408px,336px,255px,157px;\"\n\t\t\t\t\t\t\t\tdata-frame_999=\"o:0;st:w;sR:8700;\"\n\t\t\t\t\t\t\t\tstyle=\"z-index:11;\"\n\t\t\t\t\t\t\t><img src=\"\/\/www.kursstudio.de\/wp-content\/uploads\/2020\/04\/IMG_5747-removebg-preview.png\" width=\"612\" height=\"408\" data-no-retina> \n\t\t\t\t\t\t\t<\/rs-layer><!--\n\n\t\t\t\t\t\t\t--><rs-layer\n\t\t\t\t\t\t\t\tid=\"slider-13-slide-38-layer-9\" \n\t\t\t\t\t\t\t\tdata-type=\"text\"\n\t\t\t\t\t\t\t\tdata-color=\"#000000\"\n\t\t\t\t\t\t\t\tdata-rsp_ch=\"on\"\n\t\t\t\t\t\t\t\tdata-xy=\"xo:390px,322px,244px,150px;yo:197px,162px,123px,75px;\"\n\t\t\t\t\t\t\t\tdata-text=\"w:normal;s:76,62,47,28;l:95,78,59,36;\"\n\t\t\t\t\t\t\t\tdata-frame_1=\"st:460;sp:960;sR:460;\"\n\t\t\t\t\t\t\t\tdata-frame_999=\"o:0;st:w;sR:7580;\"\n\t\t\t\t\t\t\t\tstyle=\"z-index:12;font-family:Ubuntu;\"\n\t\t\t\t\t\t\t>Sch\u00f6n, dass du da bist. \n\t\t\t\t\t\t\t<\/rs-layer><!--\n-->\t\t\t\t\t\t<\/rs-slide>\n\t\t\t\t\t<\/rs-slides>\n\t\t\t\t\t<rs-progress class=\"rs-bottom\" style=\"visibility: hidden !important;\"><\/rs-progress>\n\t\t\t\t<\/rs-module>\n\t\t\t\t<script type=\"text\/javascript\">\n\t\t\t\t\tsetREVStartSize({c: 'rev_slider_13_1',rl:[1240,1024,778,480],el:[400,768,960,720],gw:[1240,1024,778,480],gh:[400,300,960,720],layout:'fullwidth',mh:\"0\"});\n\t\t\t\t\tvar\trevapi13,\n\t\t\t\t\t\ttpj;\n\t\t\t\t\tjQuery(function() {\n\t\t\t\t\t\ttpj = jQuery;\n\t\t\t\t\t\tif(tpj(\"#rev_slider_13_1\").revolution == undefined){\n\t\t\t\t\t\t\trevslider_showDoubleJqueryError(\"#rev_slider_13_1\");\n\t\t\t\t\t\t}else{\n\t\t\t\t\t\t\trevapi13 = tpj(\"#rev_slider_13_1\").show().revolution({\n\t\t\t\t\t\t\t\tsliderType:\"hero\",\n\t\t\t\t\t\t\t\tjsFileLocation:\"\/\/www.kursstudio.de\/wp-content\/plugins\/revslider\/public\/assets\/js\/\",\n\t\t\t\t\t\t\t\tvisibilityLevels:\"1240,1024,778,480\",\n\t\t\t\t\t\t\t\tgridwidth:\"1240,1024,778,480\",\n\t\t\t\t\t\t\t\tgridheight:\"400,300,960,720\",\n\t\t\t\t\t\t\t\tminHeight:\"\",\n\t\t\t\t\t\t\t\tspinner:\"spinner0\",\n\t\t\t\t\t\t\t\teditorheight:\"400,768,960,720\",\n\t\t\t\t\t\t\t\tresponsiveLevels:\"1240,1024,778,480\",\n\t\t\t\t\t\t\t\tdisableProgressBar:\"on\",\n\t\t\t\t\t\t\t\tnavigation: {\n\t\t\t\t\t\t\t\t\tonHoverStop:false\n\t\t\t\t\t\t\t\t},\n\t\t\t\t\t\t\t\tfallbacks: {\n\t\t\t\t\t\t\t\t\tallowHTML5AutoPlayOnAndroid:true\n\t\t\t\t\t\t\t\t},\n\t\t\t\t\t\t\t});\n\t\t\t\t\t\t}\n\t\t\t\t\t\t\n\t\t\t\t\t});\n\t\t\t\t<\/script>\n\t\t\t<\/rs-module-wrap>\n\t\t\t<!-- END REVOLUTION SLIDER -->\n[\/vc_column][\/vc_row][vc_row enable_grid_lines=&#8220;&#8220;][vc_column][vc_empty_space][vc_video link=&#8220;https:\/\/youtu.be\/svMZpZFI4hk&#8220; align=&#8220;center&#8220;][vc_empty_space][\/vc_column][\/vc_row][vc_row enable_grid_lines=&#8220;&#8220; css=&#8220;.vc_custom_1592165920319{background-color: #f3c8b3 !important;}&#8220;][vc_column width=&#8220;1\/6&#8243;][\/vc_column][vc_column width=&#8220;2\/3&#8243;][vc_column_text]<\/p>\n<p style=\"padding-left: 40px;\"><span style=\"color: #000000;\">Das Dreamteam Sophie und Sabine machen bereits seit Jahrzehnten gemeinsam Sport.<\/span><\/p>\n<p style=\"padding-left: 40px;\"><span style=\"color: #000000;\">Sophie: &#8222;Bei so einer sportlichen Mama f\u00e4ngt man ganz automatisch mit dem Sport an und kann ihn sich irgendwann nicht mehr wegdenken&#8220;. <\/span><span style=\"color: #000000;\">Mit der \u00dcbernahme des Studios durch Sophie ist f\u00fcr Sabine ein Traum in Erf\u00fcllung gegangen und so f\u00fchren beide gemeinsam das A4PlusKursstudio mit Herz und Seele. &#8222;Wir wollten einen Ort erschaffen, an dem sich jeder Wohl f\u00fchlen kann, egal wie er aussieht oder wie sportlich er ist. F\u00fcr uns steht der Spass an der Bewegung im Vordergrund und wir freuen uns, so viele unterschiedliche und tolle Mitglieder zu haben, die uns und unseren gro\u00dfartigen Trainern jeden Tag ein L\u00e4cheln ins Gesicht zaubern.&#8220;<\/span><\/p>\n<p>[\/vc_column_text][vc_empty_space][vc_tta_tabs style=&#8220;modern&#8220; active_section=&#8220;1&#8243;][vc_tta_section title=&#8220;Sabine&#8220; tab_id=&#8220;1475569789470-4a7e00b7-936f37d6-1953&#8243;][vc_column_text]<\/p>\n<p style=\"text-align: left; padding-left: 40px;\"><span style=\"color: #000000;\">Sabine ist mittlerweile \u00fcber 30 Jahre im Gesch\u00e4ft. 2005 verwirklichte sich Sabine einen Herzenswunsch und er\u00f6ffnete das \u201eA4PlusKursstudio\u201c in H\u00f6chstadt. Unter dem Motto \u201eAnders Als Alle Anderen\u201c startete sie ein bis dahin unbekanntes Format eines Fitnessstudios \u2013 das reine Kursstudio, sozusagen das Original.<\/span><\/p>\n<p style=\"padding-left: 40px;\"><span style=\"color: #000000;\">Sabine hat in den letzten Jahrzehnten mehr als 50 Ausbildungen gemacht: Von Step Aerobic, Faszientraining, Dance Aerobic, XCO, Wirbels\u00e4ule, Yoga bis Ern\u00e4hrungscoaching ist alles dabei.<\/span><\/p>\n<p style=\"text-align: left; padding-left: 40px;\"><span style=\"color: #000000;\">Die Idee auch ohne Ger\u00e4tetraining fit zu werden, fand so gro\u00dfen Anklang, sodass im Jahr 2006 der Umzug ins eigen gebaute Kurshaus (heute: \u201ePower House\u201c) am H\u00f6chstadter Freibad stattfand.<\/span><\/p>\n<p style=\"text-align: left; padding-left: 40px;\"><span style=\"color: #000000;\">Jetzt kommt der eigene Nachwuchs mit Sophie hinzu&#8230;<\/span><\/p>\n<p>[\/vc_column_text][\/vc_tta_section][vc_tta_section title=&#8220;Sophie&#8220; tab_id=&#8220;1474979016000-b7d82cbb-ff6d37d6-1953&#8243;][vc_column_text]<\/p>\n<p style=\"text-align: left; padding-left: 40px;\"><span style=\"color: #000000;\">Sophie, Jahrgang 1992, bringt weitere Ideen und Aktivit\u00e4ten in das famili\u00e4re Kursstudio ein. Ihre sportliche &#8222;Lehre&#8220; als Fitness- und Gesundheitstrainerin hat Sie in der &#8222;Robinson Club Familie&#8220; absolviert. Neben Indoorcycling, Jumping Fitness, Pilates, XCO, Zumba und Aquafit, hat sie noch viele weitere Ausbildungen absolviert und bildet sich kontinuierlich weiter.<\/span><\/p>\n<p style=\"text-align: left; padding-left: 40px;\"><span style=\"color: #000000;\">Sabine, Sophie und das Trainerteam ruhen sich jedoch nicht \u00a0nur auf ihren vielen Lizenzen\u00a0 aus, sondern bleiben weiterhin up-to-date und besuchen Weiterbildungen oder nehmen\u00a0 an Conventions\/Workshops teil. Mittlerweile finden im Kursstudio eigens organisierte Fortbildungen und Conventions mit in der Szene bekannten Presentern statt.<\/span><\/p>\n<p>[\/vc_column_text][\/vc_tta_section][vc_tta_section title=&#8220;Unser Team&#8220; tab_id=&#8220;1592165340723-0e59abcd-f99f&#8220;][vc_column_text]<span style=\"color: #000000;\"><a style=\"color: #000000;\" href=\"http:\/\/www.kursstudio.de\/?page_id=2038\">Wir sind so gl\u00fccklich und dankbar so viele Trainer Teil der A4PlusKursstudio- Familie nennen zu d\u00fcrfen. Jeder einzelne Trainer hat seinen eigenen Stil und seine Art zu coachen. So ist f\u00fcr jeden Teilnehmer der passende Trainer, bzw. die passenden Trainer dabei.<\/a><\/span><\/p>\n<p><span style=\"color: #000000;\">Besonders stolz sind wir auf unsere Azubis, die aktuell von uns ausgebildet werden.<\/span>[\/vc_column_text][\/vc_tta_section][\/vc_tta_tabs][\/vc_column][vc_column width=&#8220;1\/6&#8243;][\/vc_column][\/vc_row][vc_row enable_grid_lines=&#8220;&#8220; css=&#8220;.vc_custom_1592166107724{background-color: #f1906f !important;}&#8220;][vc_column width=&#8220;1\/2&#8243;][vc_column_text]<\/p>\n<h4 style=\"padding-left: 40px;\"><span style=\"color: #000000;\">IMPRESSIONEN<\/span><\/h4>\n<p style=\"text-align: left; padding-left: 40px;\"><span style=\"color: #000000;\">Unser Studio zeichnet sich insbesondere durch deine famili\u00e4re Atmosph\u00e4re aus.<\/span><\/p>\n<p style=\"padding-left: 40px;\"><span style=\"color: #000000;\">Indoor bieten wir dir insgesamt drei R\u00e4ume: einen gro\u00dfer Kursraum mit 120qm f\u00fcr alle &#8222;Power&#8220;-Stunden sowie einen &#8222;Body&amp;Balance&#8220;- Entspannungs- und einen Indoorcycling-Raum.<\/span><\/p>\n<p style=\"padding-left: 40px;\"><span style=\"color: #000000;\">F\u00fcr sch\u00f6nes Wetter haben wir eine Outdoorfl\u00e4che, mit einer 110qm gro\u00dfen B\u00fchne die sowohl Schatten- als auch Sonnenliebhaber gl\u00fccklich macht.<\/span><\/p>\n<p style=\"padding-left: 40px;\"><span style=\"color: #000000;\">Komm gerne vorbei uns schau dir alles in Ruhe an. Unsere Trainer sind mindestens 15 min. vor und nach der Stunde f\u00fcr dich da. Nach R\u00fccksprache zeigen wir dir gerne unser sportliches Zuhause pers\u00f6nlich.<\/span><\/p>\n<p>[\/vc_column_text][vc_empty_space][vc_empty_space][\/vc_column][vc_column width=&#8220;1\/2&#8243;][vc_gallery type=&#8220;image_grid&#8220; images=&#8220;59,52,54,2908,2907,3407,3408&#8243; onclick=&#8220;img_link_large&#8220; css=&#8220;.vc_custom_1592141594478{padding-top: 15px !important;}&#8220;][vc_empty_space][\/vc_column][\/vc_row][vc_row full_width=&#8220;stretch_row&#8220; gap=&#8220;20&#8243; equal_height=&#8220;yes&#8220; enable_grid_lines=&#8220;&#8220; css=&#8220;.vc_custom_1482330782692{padding-top: 15px !important;padding-bottom: 15px !important;background-color: #2f3f3d !important;}&#8220;][vc_column width=&#8220;1\/3&#8243; css=&#8220;.vc_custom_1482330005993{background-color: #ffffff !important;border-radius: 10px !important;}&#8220;][vc_custom_heading text=&#8220;Open End Step&#8220; font_container=&#8220;tag:h3|text_align:center&#8220; google_fonts=&#8220;font_family:Montserrat%3Aregular%2C700|font_style:400%20regular%3A400%3Anormal&#8220; css=&#8220;.vc_custom_1644657746494{padding-right: 35px !important;padding-left: 35px !important;}&#8220;][vc_video link=&#8220;https:\/\/youtu.be\/IlJr5kHz_Zo&#8220;][vc_empty_space][\/vc_column][vc_column width=&#8220;1\/3&#8243; css=&#8220;.vc_custom_1482330181055{background-color: #ffffff !important;border-radius: 10px !important;}&#8220;][vc_custom_heading text=&#8220;Dein Jahr 2021&#8243; font_container=&#8220;tag:h3|text_align:center&#8220; google_fonts=&#8220;font_family:Montserrat%3Aregular%2C700|font_style:400%20regular%3A400%3Anormal&#8220; css=&#8220;.vc_custom_1644657811099{padding-right: 35px !important;padding-left: 35px !important;}&#8220;][vc_video link=&#8220;https:\/\/youtu.be\/rOhWqO2El0w&#8220;][vc_empty_space][\/vc_column][vc_column width=&#8220;1\/3&#8243; css=&#8220;.vc_custom_1482330187692{background-color: #ffffff !important;border-radius: 10px !important;}&#8220;][vc_custom_heading text=&#8220;16 Jahre A4Plus&#8220; font_container=&#8220;tag:h3|text_align:center&#8220; google_fonts=&#8220;font_family:Montserrat%3Aregular%2C700|font_style:400%20regular%3A400%3Anormal&#8220; css=&#8220;.vc_custom_1644657850412{padding-right: 35px !important;padding-left: 35px !important;}&#8220;][vc_video link=&#8220;https:\/\/youtu.be\/fxT3aHdfMj4&#8243;][vc_empty_space][\/vc_column][\/vc_row][vc_row full_width=&#8220;stretch_row&#8220; gap=&#8220;20&#8243; equal_height=&#8220;yes&#8220; enable_grid_lines=&#8220;&#8220; css=&#8220;.vc_custom_1482330782692{padding-top: 15px !important;padding-bottom: 15px !important;background-color: #2f3f3d !important;}&#8220;][vc_column width=&#8220;1\/3&#8243; css=&#8220;.vc_custom_1482330005993{background-color: #ffffff !important;border-radius: 10px !important;}&#8220;][vc_custom_heading text=&#8220;Dein Studio&#8220; font_container=&#8220;tag:h3|text_align:center&#8220; google_fonts=&#8220;font_family:Montserrat%3Aregular%2C700|font_style:400%20regular%3A400%3Anormal&#8220; css=&#8220;.vc_custom_1644657933684{padding-right: 35px !important;padding-left: 35px !important;}&#8220;][vc_video link=&#8220;https:\/\/youtu.be\/9eAbuOz526I&#8220;][vc_empty_space][\/vc_column][vc_column width=&#8220;1\/3&#8243; css=&#8220;.vc_custom_1482330181055{background-color: #ffffff !important;border-radius: 10px !important;}&#8220;][vc_custom_heading text=&#8220;Wir sagen DANKE&#8220; font_container=&#8220;tag:h3|text_align:center&#8220; google_fonts=&#8220;font_family:Montserrat%3Aregular%2C700|font_style:400%20regular%3A400%3Anormal&#8220; css=&#8220;.vc_custom_1644657975129{padding-right: 35px !important;padding-left: 35px !important;}&#8220;][vc_video link=&#8220;https:\/\/youtu.be\/oERuLIyjKv8&#8243;][vc_empty_space][\/vc_column][vc_column width=&#8220;1\/3&#8243; css=&#8220;.vc_custom_1482330187692{background-color: #ffffff !important;border-radius: 10px !important;}&#8220;][vc_custom_heading text=&#8220;Online Convention&#8220; font_container=&#8220;tag:h3|text_align:center&#8220; google_fonts=&#8220;font_family:Montserrat%3Aregular%2C700|font_style:400%20regular%3A400%3Anormal&#8220; css=&#8220;.vc_custom_1644658029395{padding-right: 35px !important;padding-left: 35px !important;}&#8220;][vc_video link=&#8220;https:\/\/youtu.be\/3JOtDFfpGpM&#8220;][vc_empty_space][\/vc_column][\/vc_row][vc_row enable_grid_lines=&#8220;&#8220; css=&#8220;.vc_custom_1592166325565{background-color: #f6f6f6 !important;}&#8220; simple_background_color=&#8220;#f6f6f6&#8243;][vc_column width=&#8220;1\/2&#8243;][vc_empty_space][vc_column_text]<\/p>\n<h5 style=\"padding-left: 40px;\"><span style=\"color: #000000;\">Du m\u00f6chtest einen Einblick in einige unserer Stunden bekommen?<\/span><\/h5>\n<p style=\"padding-left: 40px;\"><span style=\"color: #000000;\">Die Videos sind Teil unserer &#8222;Live&#8220;-Workouts und sollen euch einen Eindruck von uns geben. Die gute Stimmung, die Gruppendynamik und das Feeling, welches entsteht wenn viele Menschen gemeinsam Spass haben, d\u00fcrft ihr euch deshalb dazu vorstellen &#8211; oder einfach direkt bei einem Probetraining erleben.<\/span><\/p>\n<p style=\"padding-left: 40px;\"><span style=\"color: #000000;\">Klicke einfach auf die jeweiligen Stunden, um weitere Einblicke von unsere A4Plus- Familie zu erhalten.<\/span><\/p>\n<p>[\/vc_column_text][vc_empty_space][\/vc_column][vc_column width=&#8220;1\/2&#8243;][vc_empty_space][vc_empty_space][vc_empty_space][vc_btn title=&#8220;80s Workout&#8220; style=&#8220;flat&#8220; shape=&#8220;round&#8220; link=&#8220;url:https%3A%2F%2Fwww.youtube.com%2Fwatch%3Fv%3D0jLO4WTaoMI||target:%20_blank|&#8220;][vc_btn title=&#8220;Cardio&#8220; style=&#8220;flat&#8220; shape=&#8220;round&#8220; link=&#8220;url:https%3A%2F%2Fwww.youtube.com%2Fwatch%3Fv%3DIoze1iqwqUI||target:%20_blank|&#8220;][vc_btn title=&#8220;Dance&#8220; style=&#8220;flat&#8220; shape=&#8220;round&#8220; link=&#8220;url:https%3A%2F%2Fwww.youtube.com%2Fwatch%3Fv%3Dyt36PNV8RL0||target:%20_blank|&#8220;][vc_btn title=&#8220;Functional Flow&#8220; style=&#8220;flat&#8220; shape=&#8220;round&#8220; link=&#8220;url:https%3A%2F%2Fwww.youtube.com%2Fwatch%3Fv%3D4td2ZLfqnPE||target:%20_blank|&#8220;][vc_btn title=&#8220;Fatkiller mit Hanteln&#8220; style=&#8220;flat&#8220; shape=&#8220;round&#8220; link=&#8220;url:https%3A%2F%2Fwww.youtube.com%2Fwatch%3Fv%3DO0djIsPX-tw||target:%20_blank|&#8220;][vc_btn title=&#8220;Jumping&#8220; style=&#8220;flat&#8220; shape=&#8220;round&#8220; link=&#8220;url:https%3A%2F%2Fwww.youtube.com%2Fwatch%3Fv%3DX5EsBT_-FWk||target:%20_blank|&#8220;][vc_btn title=&#8220;Step Aerobic&#8220; style=&#8220;flat&#8220; shape=&#8220;round&#8220; link=&#8220;url:https%3A%2F%2Fwww.youtube.com%2Fwatch%3Fv%3D-YL8Ld5W1w0||target:%20_blank|&#8220;][vc_btn title=&#8220;Slow Functional&#8220; style=&#8220;flat&#8220; shape=&#8220;round&#8220; link=&#8220;url:https%3A%2F%2Fwww.youtube.com%2Fwatch%3Fv%3DPbVsBEcCtVE||target:%20_blank|&#8220;][vc_btn title=&#8220;Wirbels\u00e4ulen &#8211; und Faszientraining&#8220; style=&#8220;flat&#8220; shape=&#8220;round&#8220; link=&#8220;url:https%3A%2F%2Fwww.youtube.com%2Fwatch%3Fv%3D0IZO78-KlXk%26t%3D47s||target:%20_blank|&#8220;][vc_btn title=&#8220;XCO&#8220; style=&#8220;flat&#8220; shape=&#8220;round&#8220; link=&#8220;url:https%3A%2F%2Fwww.youtube.com%2Fwatch%3Fv%3D-S-Av6TMwxY||target:%20_blank|&#8220;][vc_btn title=&#8220;Zumba&#8220; style=&#8220;flat&#8220; shape=&#8220;round&#8220; link=&#8220;url:https%3A%2F%2Fwww.youtube.com%2Fwatch%3Fv%3DslJaq0raeK8||target:%20_blank|&#8220;][\/vc_column][\/vc_row][vc_row enable_grid_lines=&#8220;&#8220;][vc_column][vc_empty_space][vc_video link=&#8220;https:\/\/youtu.be\/mrOSIrlq_ug&#8220; align=&#8220;center&#8220;][vc_empty_space][\/vc_column][\/vc_row]<\/p>\n<\/section>","protected":false},"excerpt":{"rendered":"<p>[vc_row enable_grid_lines=&#8220;&#8220;][vc_column][\/vc_column][\/vc_row][vc_row enable_grid_lines=&#8220;&#8220;][vc_column][vc_empty_space][vc_video link=&#8220;https:\/\/youtu.be\/svMZpZFI4hk&#8220; align=&#8220;center&#8220;][vc_empty_space][\/vc_column][\/vc_row][vc_row enable_grid_lines=&#8220;&#8220; css=&#8220;.vc_custom_1592165920319{background-color: #f3c8b3 !important;}&#8220;][vc_column width=&#8220;1\/6&#8243;][\/vc_column][vc_column width=&#8220;2\/3&#8243;][vc_column_text] Das Dreamteam Sophie und Sabine machen bereits seit Jahrzehnten gemeinsam Sport. Sophie: &#8222;Bei so einer sportlichen Mama f\u00e4ngt man ganz automatisch mit dem Sport an und kann ihn sich [&hellip;]<\/p>\n","protected":false},"author":1,"featured_media":0,"parent":0,"menu_order":0,"comment_status":"closed","ping_status":"closed","template":"full-width.php","meta":{"footnotes":"","_links_to":"","_links_to_target":""},"_links":{"self":[{"href":"http:\/\/www.kursstudio.de\/index.php?rest_route=\/wp\/v2\/pages\/6"}],"collection":[{"href":"http:\/\/www.kursstudio.de\/index.php?rest_route=\/wp\/v2\/pages"}],"about":[{"href":"http:\/\/www.kursstudio.de\/index.php?rest_route=\/wp\/v2\/types\/page"}],"author":[{"embeddable":true,"href":"http:\/\/www.kursstudio.de\/index.php?rest_route=\/wp\/v2\/users\/1"}],"replies":[{"embeddable":true,"href":"http:\/\/www.kursstudio.de\/index.php?rest_route=%2Fwp%2Fv2%2Fcomments&post=6"}],"version-history":[{"count":97,"href":"http:\/\/www.kursstudio.de\/index.php?rest_route=\/wp\/v2\/pages\/6\/revisions"}],"predecessor-version":[{"id":4977,"href":"http:\/\/www.kursstudio.de\/index.php?rest_route=\/wp\/v2\/pages\/6\/revisions\/4977"}],"wp:attachment":[{"href":"http:\/\/www.kursstudio.de\/index.php?rest_route=%2Fwp%2Fv2%2Fmedia&parent=6"}],"curies":[{"name":"wp","href":"https:\/\/api.w.org\/{rel}","templated":true}]}}