{"id":4,"date":"2013-03-19T22:45:45","date_gmt":"2013-03-19T20:45:45","guid":{"rendered":"http:\/\/localhost\/kursstudio\/wp\/?page_id=4"},"modified":"2025-07-18T12:20:24","modified_gmt":"2025-07-18T10:20:24","slug":"wir-freuen-uns-auf-dich","status":"publish","type":"page","link":"http:\/\/www.kursstudio.de\/","title":{"rendered":""},"content":{"rendered":"<section class=\"wpb-content-wrapper\"><p>[vc_row enable_grid_lines=&#8220;&#8220;][vc_column][vc_cta h2=&#8220;Herzlich Willkommen im Kursstudio H\u00f6chstadt&#8220; h4=&#8220;A4PlusKursstudio&#8220; txt_align=&#8220;center&#8220;][\/vc_cta][vc_empty_space]<div class=\"qodef-info-box-holder qodef-info-box-with-image\">\n\n\t<div class=\"qodef-info-box-inner\">\n\t\t<div class=\"qodef-ib-front-holder\">\n\t\t\t<div class=\"qodef-ib-front-holder-inner\">\n\t\t\t\t<div class=\"qodef-ib-top-holder\">\n\t\t\t\t\t\n\t\t\t\t\t\t\t\t\t\t\t<div class=\"qodef-ib-title-holder\">\n\t\t\t\t\t\t\t<h3 class=\"qodef-ib-title\">Keine Vertragsbindung, Kein festes Abo, volle Flexibilit\u00e4t<\/h3>\n\t\t\t\t\t\t<\/div>\n\t\t\t\t\t\t\t\t\t<\/div>\n\n\t\t\t\t<div class=\"qodef-ib-bottom-holder\">\n\t\t\t\t\t\t\t\t\t\t\t<div class=\"qodef-ib-text-holder\">\n\t\t\t\t\t\t\t<p>Starre Vertr\u00e4ge oder Abos geh\u00f6ren der Vergangenheit an! Bei uns bekommst du volle Flexibilit\u00e4t und musst nicht an Laufzeiten oder K\u00fcndigungsfristen denken. Bei uns kannst du jeden Kurs zu jeder Zeit besuchen. Erkunde unseren Stundenplan und melde dich genau f\u00fcr die Kurse an auf die du Lust hast.<\/p>\n\t\t\t\t\t\t<\/div>\n\t\t\t\t\t\n\t\t\t\t\t\t\t\t\t\t\t<div class=\"qodef-ib-button-holder\">\n\t\t\t\t\t\t\t<a itemprop=\"url\" href=\"http:\/\/www.kursstudio.de\/?page_id=1690\" target=\"_self\"  class=\"qodef-btn qodef-btn-small qodef-btn-simple qodef-btn-custom-hover-color qodef-btn-icon\" data-hover-color=\"#f58134\" >    <span class=\"qodef-btn-text\"><span class=\"qodef-btn-text-inner\">Aktueller Kursplan und Buchungsseite<\/span><\/span>    <span class=\"qodef-btn-text-inner qodef-btn-text-inner-icon\">    \t<i class=\"qodef-icon-ion-icon ion-arrow-right-c \" ><\/i>    \t<i class=\"qodef-icon-ion-icon ion-arrow-right-c \" ><\/i>\t    <\/span><\/a>\t\t\t\t\t\t<\/div>\n\t\t\t\t\t\t\t\t\t<\/div>\n\t\t\t<\/div>\n\n\t\t<\/div>\n\n\n\n\t\t<div class=\"qodef-ib-overlay\" style=\"background-image: url(http:\/\/www.kursstudio.de\/wp-content\/uploads\/2025\/07\/intergrund.png)\"><\/div>\n\t<\/div>\n<\/div>[vc_empty_space][vc_btn title=&#8220;Zum Stundenplan und Buchungsseite&#8220; color=&#8220;danger&#8220; size=&#8220;lg&#8220; align=&#8220;center&#8220; link=&#8220;url:http%3A%2F%2Fwww.kursstudio.de%2F%3Fpage_id%3D1690|title:hier|target:_blank&#8220;][vc_column_text css=&#8220;.vc_custom_1585921344585{background-color: #ffffff !important;}&#8220;][\/vc_column_text][\/vc_column][\/vc_row][vc_row enable_grid_lines=&#8220;&#8220;][vc_column][vc_empty_space][\/vc_column][\/vc_row][vc_row enable_grid_lines=&#8220;&#8220;][vc_column][vc_empty_space][\/vc_column][\/vc_row][vc_row full_height=&#8220;yes&#8220; columns_placement=&#8220;top&#8220; content_placement=&#8220;top&#8220; enable_grid_lines=&#8220;&#8220; css=&#8220;.vc_custom_1585857689620{background-color: #f6f6f6 !important;}&#8220;][vc_column][vc_row_inner enable_grid_lines=&#8220;&#8220;][vc_column_inner width=&#8220;1\/2&#8243;]<div class=\"qodef-info-box-holder qodef-info-box-with-image\">\n\n\t<div class=\"qodef-info-box-inner\">\n\t\t<div class=\"qodef-ib-front-holder\">\n\t\t\t<div class=\"qodef-ib-front-holder-inner\">\n\t\t\t\t<div class=\"qodef-ib-top-holder\">\n\t\t\t\t\t\n\t\t\t\t\t\t\t\t\t\t\t<div class=\"qodef-ib-title-holder\">\n\t\t\t\t\t\t\t<h3 class=\"qodef-ib-title\">Groupfitness<\/h3>\n\t\t\t\t\t\t<\/div>\n\t\t\t\t\t\t\t\t\t<\/div>\n\n\t\t\t\t<div class=\"qodef-ib-bottom-holder\">\n\t\t\t\t\t\t\t\t\t\t\t<div class=\"qodef-ib-text-holder\">\n\t\t\t\t\t\t\t<p>Check unseren Stundenplan und finde die richtigen Kurse f\u00fcr dich.<\/p>\n\t\t\t\t\t\t<\/div>\n\t\t\t\t\t\n\t\t\t\t\t\t\t\t\t\t\t<div class=\"qodef-ib-button-holder\">\n\t\t\t\t\t\t\t<a itemprop=\"url\" href=\"http:\/\/www.kursstudio.de\/?page_id=1690\" target=\"_self\"  class=\"qodef-btn qodef-btn-small qodef-btn-simple qodef-btn-custom-hover-color qodef-btn-icon\" data-hover-color=\"#f58134\" >    <span class=\"qodef-btn-text\"><span class=\"qodef-btn-text-inner\">Aktueller Kursplan<\/span><\/span>    <span class=\"qodef-btn-text-inner qodef-btn-text-inner-icon\">    \t<i class=\"qodef-icon-ion-icon ion-arrow-right-c \" ><\/i>    \t<i class=\"qodef-icon-ion-icon ion-arrow-right-c \" ><\/i>\t    <\/span><\/a>\t\t\t\t\t\t<\/div>\n\t\t\t\t\t\t\t\t\t<\/div>\n\t\t\t<\/div>\n\n\t\t<\/div>\n\n\n\n\t\t<div class=\"qodef-ib-overlay\" style=\"background-image: url(http:\/\/www.kursstudio.de\/wp-content\/uploads\/2020\/04\/3268903.jpg)\"><\/div>\n\t<\/div>\n<\/div>[\/vc_column_inner][vc_column_inner width=&#8220;1\/2&#8243;]<div class=\"qodef-info-box-holder qodef-info-box-with-image\">\n\n\t<div class=\"qodef-info-box-inner\">\n\t\t<div class=\"qodef-ib-front-holder\">\n\t\t\t<div class=\"qodef-ib-front-holder-inner\">\n\t\t\t\t<div class=\"qodef-ib-top-holder\">\n\t\t\t\t\t\n\t\t\t\t\t\t\t\t\t\t\t<div class=\"qodef-ib-title-holder\">\n\t\t\t\t\t\t\t<h3 class=\"qodef-ib-title\">Personal Training<\/h3>\n\t\t\t\t\t\t<\/div>\n\t\t\t\t\t\t\t\t\t<\/div>\n\n\t\t\t\t<div class=\"qodef-ib-bottom-holder\">\n\t\t\t\t\t\t\t\t\t\t\t<div class=\"qodef-ib-text-holder\">\n\t\t\t\t\t\t\t<p>Du m\u00f6chtest ein pers\u00f6nliches, auf dich abgestimmtes, Einzeltraining?<\/p>\n\t\t\t\t\t\t<\/div>\n\t\t\t\t\t\n\t\t\t\t\t\t\t\t\t\t\t<div class=\"qodef-ib-button-holder\">\n\t\t\t\t\t\t\t<a itemprop=\"url\" href=\"http:\/\/www.kursstudio.de\/?page_id=19\" target=\"_self\"  class=\"qodef-btn qodef-btn-small qodef-btn-simple qodef-btn-custom-hover-color qodef-btn-icon\" data-hover-color=\"#f58134\" >    <span class=\"qodef-btn-text\"><span class=\"qodef-btn-text-inner\">Schreib uns gerne<\/span><\/span>    <span class=\"qodef-btn-text-inner qodef-btn-text-inner-icon\">    \t<i class=\"qodef-icon-ion-icon ion-arrow-right-c \" ><\/i>    \t<i class=\"qodef-icon-ion-icon ion-arrow-right-c \" ><\/i>\t    <\/span><\/a>\t\t\t\t\t\t<\/div>\n\t\t\t\t\t\t\t\t\t<\/div>\n\t\t\t<\/div>\n\n\t\t<\/div>\n\n\n\n\t\t<div class=\"qodef-ib-overlay\" style=\"background-image: url(http:\/\/www.kursstudio.de\/wp-content\/uploads\/2020\/04\/14820.jpg)\"><\/div>\n\t<\/div>\n<\/div>[\/vc_column_inner][\/vc_row_inner][vc_row_inner content_placement=&#8220;top&#8220; enable_grid_lines=&#8220;&#8220; css=&#8220;.vc_custom_1585921469081{background-color: #ffffff !important;background-position: center !important;background-repeat: no-repeat !important;background-size: contain !important;}&#8220;][vc_column_inner][vc_column_text css=&#8220;.vc_custom_1585921344585{background-color: #ffffff !important;}&#8220;][\/vc_column_text][vc_column_text css=&#8220;.vc_custom_1585921344585{background-color: #ffffff !important;}&#8220;][\/vc_column_text][vc_column_text css=&#8220;.vc_custom_1585921344585{background-color: #ffffff !important;}&#8220;][\/vc_column_text][\/vc_column_inner][\/vc_row_inner][vc_row_inner enable_grid_lines=&#8220;&#8220;][vc_column_inner css=&#8220;.vc_custom_1585921585917{background-color: #ffffff !important;}&#8220;][\/vc_column_inner][\/vc_row_inner][\/vc_column][\/vc_row][vc_section full_width=&#8220;stretch_row&#8220; css=&#8220;.vc_custom_1585859846073{background-color: #f6f6f6 !important;background-position: center !important;background-repeat: no-repeat !important;background-size: cover !important;}&#8220;][vc_row enable_grid_lines=&#8220;&#8220; css=&#8220;.vc_custom_1490183052538{margin-bottom: 0px !important;padding-bottom: 0px !important;}&#8220;][vc_column width=&#8220;1\/2&#8243; css=&#8220;.vc_custom_1490183061477{margin-bottom: 0px !important;padding-bottom: 0px !important;}&#8220;][vc_hoverbox image=&#8220;2823&#8243; primary_title=&#8220;Krafttraining&#8220; hover_title=&#8220;&#8220; shape=&#8220;square&#8220; hover_background_color=&#8220;white&#8220;]<\/p>\n<p style=\"text-align: center;\"><span style=\"color: #000000;\">XCO<\/span><\/p>\n<p style=\"text-align: center;\"><span style=\"color: #000000;\">Langhanteltraining<\/span><\/p>\n<p style=\"text-align: center;\"><span style=\"color: #000000;\">BodyStyling<\/span><\/p>\n<p style=\"text-align: center;\"><span style=\"color: #000000;\">TABATA<\/span><\/p>\n<p style=\"text-align: center;\"><span style=\"color: #000000;\">Bauch Pur<\/span><\/p>\n<p>[\/vc_hoverbox][\/vc_column][vc_column width=&#8220;1\/2&#8243; css=&#8220;.vc_custom_1490183066911{margin-bottom: 0px !important;padding-bottom: 0px !important;}&#8220;][vc_hoverbox image=&#8220;2813&#8243; primary_title=&#8220;Funktionelles Training&#8220; hover_title=&#8220;&#8220; shape=&#8220;square&#8220; hover_background_color=&#8220;white&#8220;]<\/p>\n<p style=\"text-align: center;\"><span style=\"color: #000000;\">deepWork meets BodyArt<\/span><\/p>\n<p style=\"text-align: center;\"><span style=\"color: #000000;\">Tabata<\/span><\/p>\n<p style=\"text-align: center;\"><span style=\"color: #000000;\">Functional Flow<\/span><\/p>\n<p style=\"text-align: center;\"><span style=\"color: #000000;\">Functional Workout<\/span><\/p>\n<p>[\/vc_hoverbox][\/vc_column][\/vc_row][vc_row enable_grid_lines=&#8220;&#8220;][vc_column css=&#8220;.vc_custom_1585860100061{background-color: #f6f6f6 !important;}&#8220;][\/vc_column][\/vc_row][vc_row enable_grid_lines=&#8220;&#8220; css=&#8220;.vc_custom_1490183052538{margin-bottom: 0px !important;padding-bottom: 0px !important;}&#8220;][vc_column width=&#8220;1\/2&#8243; css=&#8220;.vc_custom_1490183061477{margin-bottom: 0px !important;padding-bottom: 0px !important;}&#8220;][vc_hoverbox image=&#8220;2809&#8243; primary_title=&#8220;Body &amp; Mind&#8220; hover_title=&#8220;&#8220; shape=&#8220;square&#8220; hover_background_color=&#8220;white&#8220;]<\/p>\n<p style=\"text-align: center;\"><span style=\"color: #000000;\">Pilates<\/span><\/p>\n<p style=\"text-align: center;\"><span style=\"color: #000000;\">Fazientraining<\/span><\/p>\n<p style=\"text-align: center;\"><span style=\"color: #000000;\">Yoga<\/span><\/p>\n<p style=\"text-align: center;\"><span style=\"color: #000000;\">Wirbel &amp; Balance<\/span><\/p>\n<p>[\/vc_hoverbox][\/vc_column][vc_column width=&#8220;1\/2&#8243; css=&#8220;.vc_custom_1490183066911{margin-bottom: 0px !important;padding-bottom: 0px !important;}&#8220;][vc_hoverbox image=&#8220;2881&#8243; primary_title=&#8220;Cardio&#8220; hover_title=&#8220;&#8220; shape=&#8220;square&#8220; hover_background_color=&#8220;custom&#8220;]<\/p>\n<p style=\"text-align: center;\"><span style=\"color: #000000;\">Jumping Fitness<\/span><\/p>\n<p style=\"text-align: center;\"><span style=\"color: #000000;\">Zumba<\/span><\/p>\n<p style=\"text-align: center;\"><span style=\"color: #000000;\">Indoor Cycling<\/span><\/p>\n<p style=\"text-align: center;\"><span style=\"color: #000000;\">Step<\/span><\/p>\n<p style=\"text-align: center;\"><span style=\"color: #000000;\">Fatkiller<\/span><\/p>\n<p style=\"text-align: center;\"><span style=\"color: #000000;\">Cardio<\/span><\/p>\n<p>[\/vc_hoverbox][\/vc_column][\/vc_row][\/vc_section][vc_row enable_grid_lines=&#8220;&#8220;][vc_column css=&#8220;.vc_custom_1585923144603{background-color: #f6f6f6 !important;}&#8220;][\/vc_column][\/vc_row][vc_row gap=&#8220;15&#8243; equal_height=&#8220;yes&#8220; enable_grid_lines=&#8220;&#8220; css=&#8220;.vc_custom_1496755964373{padding-top: 50px !important;padding-bottom: 50px !important;}&#8220;][vc_column width=&#8220;1\/3&#8243;][vc_icon type=&#8220;typicons&#8220; icon_typicons=&#8220;typcn typcn-heart-full-outline&#8220; color=&#8220;white&#8220; background_style=&#8220;rounded&#8220; background_color=&#8220;black&#8220; size=&#8220;lg&#8220; align=&#8220;center&#8220;][vc_custom_heading text=&#8220;18 Jahre&#8220; font_container=&#8220;tag:h4|font_size:22|text_align:center|color:%233a3a3a|line_height:1.2&#8243; google_fonts=&#8220;font_family:Montserrat%3Aregular%2C700|font_style:400%20regular%3A400%3Anormal&#8220;][vc_column_text 0=&#8220;&#8220;]<\/p>\n<p style=\"text-align: center;\">Wir sagen &#8222;Danke&#8220; f\u00fcr 20 Jahre A4PlusKursstudio, voller Sport, Spass und Entspannung.<\/p>\n<p>[\/vc_column_text][\/vc_column][vc_column width=&#8220;1\/3&#8243;][vc_icon type=&#8220;typicons&#8220; icon_typicons=&#8220;typcn typcn-th-small&#8220; color=&#8220;white&#8220; background_style=&#8220;rounded&#8220; background_color=&#8220;black&#8220; size=&#8220;lg&#8220; align=&#8220;center&#8220;][vc_custom_heading text=&#8220;&gt;30 Kurse&#8220; font_container=&#8220;tag:h4|font_size:22|text_align:center|color:%233a3a3a|line_height:1.2&#8243; google_fonts=&#8220;font_family:Montserrat%3Aregular%2C700|font_style:400%20regular%3A400%3Anormal&#8220;][vc_column_text 0=&#8220;&#8220;]<\/p>\n<p style=\"text-align: center;\">Wir bieten euch \u00fcber 20 Kursen pro Woche an. Von Yoga, Dance, Jumping, XCO bis Indoor Cycling ist f\u00fcr jeden etwas dabei.<\/p>\n<p>[\/vc_column_text][\/vc_column][vc_column width=&#8220;1\/3&#8243;][vc_icon type=&#8220;typicons&#8220; icon_typicons=&#8220;typcn typcn-home&#8220; color=&#8220;white&#8220; background_style=&#8220;rounded&#8220; background_color=&#8220;black&#8220; size=&#8220;lg&#8220; align=&#8220;center&#8220;][vc_custom_heading text=&#8220;Indoor &#8211; und Outdoor&#8220; font_container=&#8220;tag:h4|font_size:22|text_align:center|color:%233a3a3a|line_height:1.2&#8243; google_fonts=&#8220;font_family:Montserrat%3Aregular%2C700|font_style:400%20regular%3A400%3Anormal&#8220;][vc_column_text 0=&#8220;&#8220;]<\/p>\n<p style=\"text-align: center;\">Neben einem Indoor-Raum haben wir auch zwei Au\u00dfenfl\u00e4chen, sodass man den Sport auch im Sommer drau\u00dfen genie\u00dfen kann.<\/p>\n<p>[\/vc_column_text][\/vc_column][\/vc_row][vc_row enable_grid_lines=&#8220;&#8220;][vc_column][vc_empty_space][\/vc_column][\/vc_row][vc_section full_width=&#8220;stretch_row&#8220; css=&#8220;.vc_custom_1476099350103{padding-top: 100px !important;padding-bottom: 100px !important;background-color: #f7f7f7 !important;}&#8220;][vc_row enable_grid_lines=&#8220;&#8220;][vc_column][vc_custom_heading text=&#8220;Das sagen unsere Mitglieder&#8220; font_container=&#8220;tag:h4|text_align:center&#8220; use_theme_fonts=&#8220;yes&#8220; css=&#8220;.vc_custom_1586000756580{padding-bottom: 10px !important;}&#8220;][\/vc_column][\/vc_row][vc_row enable_grid_lines=&#8220;&#8220;][vc_column width=&#8220;1\/4&#8243;][vc_column_text]<em>&#8222;Tolles Kursstudio das mit seiner guten Beratung, den professionellen Trainern und dem famili\u00e4ren Flair gl\u00e4nzt!<br \/>\nHier steht der Mensch im Vordergrund, egal mit welchen Bed\u00fcrfnissen und Problemen wird man immer freundlich empfangen.<br \/>\nMacht weiter so!&#8220;<\/em><\/p>\n<p><strong>Olga<\/strong>[\/vc_column_text][\/vc_column][vc_column width=&#8220;1\/4&#8243;][vc_column_text]<em>&#8222;Ich komme mittlerweile schon seit vielen Jahren ins A4+ und bin immer noch begeistert von der famil\u00e4ren Atmosph\u00e4re, den super motivierenden Trainern, den netten Mitgliedern und dem abwechslungsreichen Kursangebot. F\u00fcr mich einfach der ideale Ausgleich zu einem stressigen B\u00fcroalltag. Wirklich sehr zu empfehlen!&#8220;<\/em><\/p>\n<p><strong>Anja<\/strong>[\/vc_column_text][\/vc_column][vc_column width=&#8220;1\/4&#8243;][vc_column_text]<em>&#8222;Ich bin eigentlich ein totaler Sportmuffel aber hier macht es mir sooo viel Spa\u00df das man gar nicht genug von den Kursangeboten bekommen kann!!<br \/>\nHier kommt man sich auch als Anf\u00e4nger nicht bl\u00f6d vor,da die Trainer immer f\u00fcr einen da sind und das sch\u00e4tze ich sehr!&#8220;<\/em><\/p>\n<p><strong>Jenny<\/strong>[\/vc_column_text][\/vc_column][vc_column width=&#8220;1\/4&#8243;][vc_column_text]<em>&#8222;Seit 3J ahren bin ich schon auf der Suche, nach einem Studio das megageile Kurse anbietet. Bei euch bin ich endlich f\u00fcndig geworden. Ich bin so happy!!! Bin zwar noch nicht lang dabei aber, kanns nur weiter empfehlen und kaum erwarten den n\u00e4chsten Kurs mit zu machen!!! Geil geil geil kann ich nur sagen. Danke das es Euch gibt!!! Weiter so.&#8220;<\/em><\/p>\n<p><strong>Carmen<\/strong>[\/vc_column_text][\/vc_column][\/vc_row][\/vc_section][vc_row enable_grid_lines=&#8220;&#8220;][vc_column css=&#8220;.vc_custom_1585923144603{background-color: #f6f6f6 !important;}&#8220;][\/vc_column][\/vc_row][vc_row enable_grid_lines=&#8220;&#8220;][vc_column width=&#8220;1\/2&#8243;][\/vc_column][\/vc_row][vc_row enable_grid_lines=&#8220;&#8220;][vc_column][vc_text_separator title=&#8220;Unsere Partner&#8220;][\/vc_column][\/vc_row][vc_row full_width=&#8220;stretch_row&#8220; gap=&#8220;20&#8243; equal_height=&#8220;yes&#8220; enable_grid_lines=&#8220;&#8220; css=&#8220;.vc_custom_1482330782692{padding-top: 15px !important;padding-bottom: 15px !important;background-color: #2f3f3d !important;}&#8220;][vc_column width=&#8220;1\/2&#8243; css=&#8220;.vc_custom_1482330005993{background-color: #ffffff !important;border-radius: 10px !important;}&#8220;][vc_single_image image=&#8220;4411&#8243; img_size=&#8220;full&#8220; alignment=&#8220;center&#8220; style=&#8220;vc_box_rounded&#8220; css=&#8220;.vc_custom_1644658322176{margin-top: -35px !important;margin-right: -15px !important;margin-left: -15px !important;padding-top: 0px !important;padding-right: 0px !important;padding-left: 0px !important;}&#8220;][vc_custom_heading text=&#8220;Barbalababb&#8220; font_container=&#8220;tag:h2|text_align:center&#8220; google_fonts=&#8220;font_family:Montserrat%3Aregular%2C700|font_style:400%20regular%3A400%3Anormal&#8220; css=&#8220;.vc_custom_1644658348707{padding-right: 35px !important;padding-left: 35px !important;}&#8220; link=&#8220;url:https%3A%2F%2Fwww.barbalababb.com%2F|||&#8220;][vc_column_text css=&#8220;.vc_custom_1644658394038{padding-right: 35px !important;padding-left: 35px !important;}&#8220;]<\/p>\n<p style=\"text-align: center;\">Deine mobile Cocktailbar und Barkeeper Service f\u00fcr H\u00f6chstadt, Franken und Bayern.<\/p>\n<p>[\/vc_column_text][vc_empty_space][vc_btn title=&#8220;Buche uns jetzt&#8220; style=&#8220;flat&#8220; shape=&#8220;round&#8220; color=&#8220;chino&#8220; align=&#8220;center&#8220; css=&#8220;.vc_custom_1644658611521{padding-bottom: 35px !important;}&#8220; link=&#8220;url:https%3A%2F%2Fwww.barbalababb.com%2F||target:%20_blank|&#8220;][vc_empty_space][\/vc_column][vc_column width=&#8220;1\/2&#8243; css=&#8220;.vc_custom_1482330181055{background-color: #ffffff !important;border-radius: 10px !important;}&#8220;][vc_single_image image=&#8220;4414&#8243; img_size=&#8220;full&#8220; alignment=&#8220;center&#8220; style=&#8220;vc_box_rounded&#8220; css=&#8220;.vc_custom_1644658697451{margin-top: -35px !important;margin-right: -15px !important;margin-left: -15px !important;padding-top: 0px !important;padding-right: 0px !important;padding-left: 0px !important;}&#8220;][vc_custom_heading text=&#8220;Rehasport H\u00f6chstadt&#8220; font_container=&#8220;tag:h2|text_align:center&#8220; google_fonts=&#8220;font_family:Montserrat%3Aregular%2C700|font_style:400%20regular%3A400%3Anormal&#8220; css=&#8220;.vc_custom_1644658509880{padding-right: 35px !important;padding-left: 35px !important;}&#8220; link=&#8220;url:https%3A%2F%2Fwww.rehasport-hoechstadt.com%2F||target:%20_blank|&#8220;][vc_empty_space][vc_empty_space][vc_empty_space][vc_column_text css=&#8220;.vc_custom_1644658539320{padding-right: 35px !important;padding-left: 35px !important;}&#8220;]<\/p>\n<p style=\"text-align: center;\">Dein verl\u00e4sslicher Partner f\u00fcr Rehasport in H\u00f6chstadt und Umgebung.<\/p>\n<p>[\/vc_column_text][vc_empty_space][vc_btn title=&#8220;Informiere dich jetzt&#8220; style=&#8220;flat&#8220; shape=&#8220;round&#8220; color=&#8220;chino&#8220; align=&#8220;center&#8220; css=&#8220;.vc_custom_1644658555032{padding-bottom: 35px !important;}&#8220; link=&#8220;url:https%3A%2F%2Fwww.rehasport-hoechstadt.com%2F|||&#8220;][vc_empty_space][\/vc_column][\/vc_row][vc_row enable_grid_lines=&#8220;&#8220; css=&#8220;.vc_custom_1586002400930{background-color: #ffffff !important;}&#8220;][vc_column]\n\t\t\t<!-- START Slider 11 REVOLUTION SLIDER 6.1.5 --><p class=\"rs-p-wp-fix\"><\/p>\n\t\t\t<rs-module-wrap id=\"rev_slider_12_1_wrapper\" data-source=\"gallery\" style=\"background:transparent;padding:0;margin:0px auto;margin-top:0;margin-bottom:0;\">\n\t\t\t\t<rs-module id=\"rev_slider_12_1\" style=\"display:none;\" data-version=\"6.1.5\">\n\t\t\t\t\t<rs-slides>\n\t\t\t\t\t\t<rs-slide data-key=\"rs-34\" data-title=\"Slide\" data-anim=\"ei:d;eo:d;s:50;r:0;t:fade;sl:0;\">\n\t\t\t\t\t\t\t<img src=\"\/\/www.kursstudio.de\/wp-content\/plugins\/revslider\/public\/assets\/assets\/transparent.png\" title=\"polygon-vector-16\" width=\"650\" height=\"407\" data-bg=\"c:#f6f6f6;\" class=\"rev-slidebg\" data-no-retina>\n<!--\n\t\t\t\t\t\t\t--><rs-layer\n\t\t\t\t\t\t\t\tid=\"slider-12-slide-34-layer-0\" \n\t\t\t\t\t\t\t\tdata-type=\"image\"\n\t\t\t\t\t\t\t\tdata-rsp_ch=\"on\"\n\t\t\t\t\t\t\t\tdata-xy=\"xo:17px,14px,10px,8px;yo:109px,90px,68px,61px;\"\n\t\t\t\t\t\t\t\tdata-text=\"w:normal;s:20,16,12,10;l:0,20,15,13;\"\n\t\t\t\t\t\t\t\tdata-dim=\"w:558px,460px,349px,314px;h:372px,307px,233px,209px;\"\n\t\t\t\t\t\t\t\tdata-frame_999=\"o:0;st:w;sR:8700;\"\n\t\t\t\t\t\t\t\tstyle=\"z-index:9;\"\n\t\t\t\t\t\t\t><img src=\"\/\/www.kursstudio.de\/wp-content\/uploads\/2020\/04\/A4Plus_Shooting-105_300-removebg-preview.png\" width=\"300\" height=\"200\" data-no-retina> \n\t\t\t\t\t\t\t<\/rs-layer><!--\n\n\t\t\t\t\t\t\t--><rs-layer\n\t\t\t\t\t\t\t\tid=\"slider-12-slide-34-layer-2\" \n\t\t\t\t\t\t\t\tdata-type=\"text\"\n\t\t\t\t\t\t\t\tdata-color=\"#414240\"\n\t\t\t\t\t\t\t\tdata-rsp_ch=\"on\"\n\t\t\t\t\t\t\t\tdata-xy=\"xo:438px,361px,274px,246px;yo:186px,153px,116px,104px;\"\n\t\t\t\t\t\t\t\tdata-text=\"w:normal;s:65,53,40,35;l:82,67,50,44;\"\n\t\t\t\t\t\t\t\tdata-frame_1=\"st:850;sp:850;sR:850;\"\n\t\t\t\t\t\t\t\tdata-frame_999=\"o:0;st:w;sR:7300;\"\n\t\t\t\t\t\t\t\tstyle=\"z-index:10;font-family:Ubuntu;\"\n\t\t\t\t\t\t\t>Wir freuen uns auf dich \n\t\t\t\t\t\t\t<\/rs-layer><!--\n\n\t\t\t\t\t\t\t--><rs-layer\n\t\t\t\t\t\t\t\tid=\"slider-12-slide-34-layer-3\" \n\t\t\t\t\t\t\t\tdata-type=\"image\"\n\t\t\t\t\t\t\t\tdata-rsp_ch=\"on\"\n\t\t\t\t\t\t\t\tdata-xy=\"xo:42px,34px,25px,22px;yo:36px,29px,22px,19px;\"\n\t\t\t\t\t\t\t\tdata-text=\"w:normal;s:20,16,12,10;l:0,20,15,13;\"\n\t\t\t\t\t\t\t\tdata-dim=\"w:903px,745px,566px,509px;h:565px,466px,354px,318px;\"\n\t\t\t\t\t\t\t\tdata-frame_999=\"o:0;st:w;sR:8700;\"\n\t\t\t\t\t\t\t\tstyle=\"z-index:8;\"\n\t\t\t\t\t\t\t><img src=\"\/\/www.kursstudio.de\/wp-content\/uploads\/2020\/04\/polygon-vector-16-2.jpg\" width=\"650\" height=\"407\" data-no-retina> \n\t\t\t\t\t\t\t<\/rs-layer><!--\n-->\t\t\t\t\t\t<\/rs-slide>\n\t\t\t\t\t<\/rs-slides>\n\t\t\t\t\t<rs-progress class=\"rs-bottom\" style=\"visibility: hidden !important;\"><\/rs-progress>\n\t\t\t\t<\/rs-module>\n\t\t\t\t<script type=\"text\/javascript\">\n\t\t\t\t\tsetREVStartSize({c: 'rev_slider_12_1',rl:[1240,1024,778,480],el:[650,768,960,720],gw:[1240,1024,778,700],gh:[650,100,800,300],layout:'fullwidth',mh:\"0\"});\n\t\t\t\t\tvar\trevapi12,\n\t\t\t\t\t\ttpj;\n\t\t\t\t\tjQuery(function() {\n\t\t\t\t\t\ttpj = jQuery;\n\t\t\t\t\t\tif(tpj(\"#rev_slider_12_1\").revolution == undefined){\n\t\t\t\t\t\t\trevslider_showDoubleJqueryError(\"#rev_slider_12_1\");\n\t\t\t\t\t\t}else{\n\t\t\t\t\t\t\trevapi12 = tpj(\"#rev_slider_12_1\").show().revolution({\n\t\t\t\t\t\t\t\tsliderType:\"hero\",\n\t\t\t\t\t\t\t\tjsFileLocation:\"\/\/www.kursstudio.de\/wp-content\/plugins\/revslider\/public\/assets\/js\/\",\n\t\t\t\t\t\t\t\tsliderLayout:\"fullwidth\",\n\t\t\t\t\t\t\t\tvisibilityLevels:\"1240,1024,778,480\",\n\t\t\t\t\t\t\t\tgridwidth:\"1240,1024,778,700\",\n\t\t\t\t\t\t\t\tgridheight:\"650,100,800,300\",\n\t\t\t\t\t\t\t\tminHeight:\"\",\n\t\t\t\t\t\t\t\tspinner:\"spinner0\",\n\t\t\t\t\t\t\t\teditorheight:\"650,768,960,720\",\n\t\t\t\t\t\t\t\tresponsiveLevels:\"1240,1024,778,480\",\n\t\t\t\t\t\t\t\tdisableProgressBar:\"on\",\n\t\t\t\t\t\t\t\tnavigation: {\n\t\t\t\t\t\t\t\t\tonHoverStop:false\n\t\t\t\t\t\t\t\t},\n\t\t\t\t\t\t\t\tfallbacks: {\n\t\t\t\t\t\t\t\t\tallowHTML5AutoPlayOnAndroid:true\n\t\t\t\t\t\t\t\t},\n\t\t\t\t\t\t\t});\n\t\t\t\t\t\t}\n\t\t\t\t\t\t\n\t\t\t\t\t});\n\t\t\t\t<\/script>\n\t\t\t<\/rs-module-wrap>\n\t\t\t<!-- END REVOLUTION SLIDER -->\n[\/vc_column][\/vc_row][vc_row enable_grid_lines=&#8220;&#8220;][vc_column][\/vc_column][\/vc_row]<\/p>\n<\/section>","protected":false},"excerpt":{"rendered":"<p>[vc_row enable_grid_lines=&#8220;&#8220;][vc_column][vc_cta h2=&#8220;Herzlich Willkommen im Kursstudio H\u00f6chstadt&#8220; h4=&#8220;A4PlusKursstudio&#8220; txt_align=&#8220;center&#8220;][\/vc_cta][vc_empty_space][vc_empty_space][vc_btn title=&#8220;Zum Stundenplan und Buchungsseite&#8220; color=&#8220;danger&#8220; size=&#8220;lg&#8220; align=&#8220;center&#8220; link=&#8220;url:http%3A%2F%2Fwww.kursstudio.de%2F%3Fpage_id%3D1690|title:hier|target:_blank&#8220;][vc_column_text css=&#8220;.vc_custom_1585921344585{background-color: #ffffff !important;}&#8220;][\/vc_column_text][\/vc_column][\/vc_row][vc_row enable_grid_lines=&#8220;&#8220;][vc_column][vc_empty_space][\/vc_column][\/vc_row][vc_row enable_grid_lines=&#8220;&#8220;][vc_column][vc_empty_space][\/vc_column][\/vc_row][vc_row full_height=&#8220;yes&#8220; columns_placement=&#8220;top&#8220; content_placement=&#8220;top&#8220; enable_grid_lines=&#8220;&#8220; css=&#8220;.vc_custom_1585857689620{background-color: #f6f6f6 !important;}&#8220;][vc_column][vc_row_inner enable_grid_lines=&#8220;&#8220;][vc_column_inner width=&#8220;1\/2&#8243;][\/vc_column_inner][vc_column_inner width=&#8220;1\/2&#8243;][\/vc_column_inner][\/vc_row_inner][vc_row_inner content_placement=&#8220;top&#8220; enable_grid_lines=&#8220;&#8220; css=&#8220;.vc_custom_1585921469081{background-color: #ffffff !important;background-position: center !important;background-repeat: no-repeat [&hellip;]<\/p>\n","protected":false},"author":1,"featured_media":0,"parent":0,"menu_order":1,"comment_status":"closed","ping_status":"closed","template":"full-width.php","meta":{"footnotes":"","_links_to":"","_links_to_target":""},"_links":{"self":[{"href":"http:\/\/www.kursstudio.de\/index.php?rest_route=\/wp\/v2\/pages\/4"}],"collection":[{"href":"http:\/\/www.kursstudio.de\/index.php?rest_route=\/wp\/v2\/pages"}],"about":[{"href":"http:\/\/www.kursstudio.de\/index.php?rest_route=\/wp\/v2\/types\/page"}],"author":[{"embeddable":true,"href":"http:\/\/www.kursstudio.de\/index.php?rest_route=\/wp\/v2\/users\/1"}],"replies":[{"embeddable":true,"href":"http:\/\/www.kursstudio.de\/index.php?rest_route=%2Fwp%2Fv2%2Fcomments&post=4"}],"version-history":[{"count":114,"href":"http:\/\/www.kursstudio.de\/index.php?rest_route=\/wp\/v2\/pages\/4\/revisions"}],"predecessor-version":[{"id":5023,"href":"http:\/\/www.kursstudio.de\/index.php?rest_route=\/wp\/v2\/pages\/4\/revisions\/5023"}],"wp:attachment":[{"href":"http:\/\/www.kursstudio.de\/index.php?rest_route=%2Fwp%2Fv2%2Fmedia&parent=4"}],"curies":[{"name":"wp","href":"https:\/\/api.w.org\/{rel}","templated":true}]}}