{"id":3984,"date":"2021-06-06T11:31:07","date_gmt":"2021-06-06T09:31:07","guid":{"rendered":"http:\/\/www.kursstudio.de\/?page_id=3984"},"modified":"2023-09-18T21:42:06","modified_gmt":"2023-09-18T19:42:06","slug":"du-hast-interesse","status":"publish","type":"page","link":"http:\/\/www.kursstudio.de\/?page_id=3984","title":{"rendered":"Du hast Interesse?"},"content":{"rendered":"<section class=\"wpb-content-wrapper\"><p>[vc_row enable_grid_lines=&#8220;&#8220;][vc_column]<div class=\"qodef-section-title-holder   \" >\n\t<div class=\"qodef-st-inner\">\n\t\t\t\t\t<h2 class=\"qodef-st-title\" >\n\t\t\t\tHallo,\t\t\t<\/h2>\n\t\t        \t\t\t\t\t<h5 class=\"qodef-st-text\" >\n\t\t\t\tsch\u00f6n, dass du dich f\u00fcr uns interessierst und uns kennenlernen m\u00f6chtest.\nWenn du ein Probetraining vereinbaren oder weitere Infos m\u00f6chtest, melde dich gerne direkt bei Sophie.\t\t\t<\/h5>\n\t\t\t<\/div>\n<\/div>[vc_empty_space][\/vc_column][\/vc_row][vc_row enable_grid_lines=&#8220;&#8220;][vc_column width=&#8220;1\/4&#8243;]<div class=\"qodef-info-box-holder\">\n\n\t<div class=\"qodef-info-box-inner\">\n\t\t<div class=\"qodef-ib-front-holder\">\n\t\t\t<div class=\"qodef-ib-front-holder-inner\">\n\t\t\t\t<div class=\"qodef-ib-top-holder\">\n\t\t\t\t\t\t\t\t\t\t\t<div class=\"qodef-ib-icon-holder\">\n\t\t\t\t\t\t\t\t\t\t\t\t\t\t\t<img width=\"512\" height=\"512\" src=\"http:\/\/www.kursstudio.de\/wp-content\/uploads\/2021\/06\/smartphone.png\" class=\"attachment-full size-full\" alt=\"\" decoding=\"async\" loading=\"lazy\" srcset=\"http:\/\/www.kursstudio.de\/wp-content\/uploads\/2021\/06\/smartphone.png 512w, http:\/\/www.kursstudio.de\/wp-content\/uploads\/2021\/06\/smartphone-150x150.png 150w, http:\/\/www.kursstudio.de\/wp-content\/uploads\/2021\/06\/smartphone-300x300.png 300w\" sizes=\"(max-width: 512px) 100vw, 512px\" \/>\t\t\t\t\t\t\t\t\t\t\t\t\t<\/div>\n\t\t\t\t\t\n\t\t\t\t\t\t\t\t\t\t\t<div class=\"qodef-ib-title-holder\">\n\t\t\t\t\t\t\t<h3 class=\"qodef-ib-title\">Ruf uns an<\/h3>\n\t\t\t\t\t\t<\/div>\n\t\t\t\t\t\t\t\t\t<\/div>\n\n\t\t\t\t<div class=\"qodef-ib-bottom-holder\">\n\t\t\t\t\t\t\t\t\t\t\t<div class=\"qodef-ib-text-holder\">\n\t\t\t\t\t\t\t<p>+ 49 1590 6304755<\/p>\n\t\t\t\t\t\t<\/div>\n\t\t\t\t\t\n\t\t\t\t\t\t\t\t\t\t\t<div class=\"qodef-ib-button-holder\">\n\t\t\t\t\t\t\t<a itemprop=\"url\" href=\"#\" target=\"_self\"  class=\"qodef-btn qodef-btn-small qodef-btn-simple qodef-btn-icon\"  >    <span class=\"qodef-btn-text\"><span class=\"qodef-btn-text-inner\"><\/span><\/span>    <span class=\"qodef-btn-text-inner qodef-btn-text-inner-icon\">    \t<i class=\"qodef-icon-ion-icon ion-arrow-right-c \" ><\/i>    \t<i class=\"qodef-icon-ion-icon ion-arrow-right-c \" ><\/i>\t    <\/span><\/a>\t\t\t\t\t\t<\/div>\n\t\t\t\t\t\t\t\t\t<\/div>\n\t\t\t<\/div>\n\n\t\t<\/div>\n\n\n\n\t\t<div class=\"qodef-ib-overlay\" ><\/div>\n\t<\/div>\n<\/div>[\/vc_column][vc_column width=&#8220;1\/4&#8243;]<div class=\"qodef-info-box-holder\">\n\n\t<div class=\"qodef-info-box-inner\">\n\t\t<div class=\"qodef-ib-front-holder\">\n\t\t\t<div class=\"qodef-ib-front-holder-inner\">\n\t\t\t\t<div class=\"qodef-ib-top-holder\">\n\t\t\t\t\t\t\t\t\t\t\t<div class=\"qodef-ib-icon-holder\">\n\t\t\t\t\t\t\t\t\t\t\t\t\t\t\t<img width=\"512\" height=\"512\" src=\"http:\/\/www.kursstudio.de\/wp-content\/uploads\/2021\/06\/location.png\" class=\"attachment-full size-full\" alt=\"\" decoding=\"async\" loading=\"lazy\" srcset=\"http:\/\/www.kursstudio.de\/wp-content\/uploads\/2021\/06\/location.png 512w, http:\/\/www.kursstudio.de\/wp-content\/uploads\/2021\/06\/location-150x150.png 150w, http:\/\/www.kursstudio.de\/wp-content\/uploads\/2021\/06\/location-300x300.png 300w\" sizes=\"(max-width: 512px) 100vw, 512px\" \/>\t\t\t\t\t\t\t\t\t\t\t\t\t<\/div>\n\t\t\t\t\t\n\t\t\t\t\t\t\t\t\t\t\t<div class=\"qodef-ib-title-holder\">\n\t\t\t\t\t\t\t<h3 class=\"qodef-ib-title\">Komm vorbei!<\/h3>\n\t\t\t\t\t\t<\/div>\n\t\t\t\t\t\t\t\t\t<\/div>\n\n\t\t\t\t<div class=\"qodef-ib-bottom-holder\">\n\t\t\t\t\t\t\t\t\t\t\t<div class=\"qodef-ib-text-holder\">\n\t\t\t\t\t\t\t<p>Kieferndorferweg 80 91315 H\u00f6chstadt (unterhalb des Freibadparkplatzes)<\/p>\n\t\t\t\t\t\t<\/div>\n\t\t\t\t\t\n\t\t\t\t\t\t\t\t\t\t\t<div class=\"qodef-ib-button-holder\">\n\t\t\t\t\t\t\t<a itemprop=\"url\" href=\"https:\/\/www.google.com\/maps\/place\/\/data=!4m2!3m1!1s0x47a21afcc9309dbb:0xa00ba1cd8a96e193?source=g.page.share\" target=\"_blank\"  class=\"qodef-btn qodef-btn-small qodef-btn-simple qodef-btn-icon\"  >    <span class=\"qodef-btn-text\"><span class=\"qodef-btn-text-inner\"><\/span><\/span>    <span class=\"qodef-btn-text-inner qodef-btn-text-inner-icon\">    \t<i class=\"qodef-icon-ion-icon ion-arrow-right-c \" ><\/i>    \t<i class=\"qodef-icon-ion-icon ion-arrow-right-c \" ><\/i>\t    <\/span><\/a>\t\t\t\t\t\t<\/div>\n\t\t\t\t\t\t\t\t\t<\/div>\n\t\t\t<\/div>\n\n\t\t<\/div>\n\n\n\n\t\t<div class=\"qodef-ib-overlay\" ><\/div>\n\t<\/div>\n<\/div>[\/vc_column][vc_column width=&#8220;1\/4&#8243;]<div class=\"qodef-info-box-holder\">\n\n\t<div class=\"qodef-info-box-inner\">\n\t\t<div class=\"qodef-ib-front-holder\">\n\t\t\t<div class=\"qodef-ib-front-holder-inner\">\n\t\t\t\t<div class=\"qodef-ib-top-holder\">\n\t\t\t\t\t\t\t\t\t\t\t<div class=\"qodef-ib-icon-holder\">\n\t\t\t\t\t\t\t\t\t\t\t\t\t\t\t<img width=\"512\" height=\"512\" src=\"http:\/\/www.kursstudio.de\/wp-content\/uploads\/2021\/06\/social-network.png\" class=\"attachment-full size-full\" alt=\"\" decoding=\"async\" loading=\"lazy\" srcset=\"http:\/\/www.kursstudio.de\/wp-content\/uploads\/2021\/06\/social-network.png 512w, http:\/\/www.kursstudio.de\/wp-content\/uploads\/2021\/06\/social-network-150x150.png 150w, http:\/\/www.kursstudio.de\/wp-content\/uploads\/2021\/06\/social-network-300x300.png 300w\" sizes=\"(max-width: 512px) 100vw, 512px\" \/>\t\t\t\t\t\t\t\t\t\t\t\t\t<\/div>\n\t\t\t\t\t\n\t\t\t\t\t\t\t\t\t\t\t<div class=\"qodef-ib-title-holder\">\n\t\t\t\t\t\t\t<h3 class=\"qodef-ib-title\">Folge uns<\/h3>\n\t\t\t\t\t\t<\/div>\n\t\t\t\t\t\t\t\t\t<\/div>\n\n\t\t\t\t<div class=\"qodef-ib-bottom-holder\">\n\t\t\t\t\t\t\t\t\t\t\t<div class=\"qodef-ib-text-holder\">\n\t\t\t\t\t\t\t<p>Instagram, Facebook &amp; Youtube: A4PlusKursstudio<\/p>\n\t\t\t\t\t\t<\/div>\n\t\t\t\t\t\n\t\t\t\t\t\t\t\t\t\t\t<div class=\"qodef-ib-button-holder\">\n\t\t\t\t\t\t\t<a itemprop=\"url\" href=\"#\" target=\"_self\"  class=\"qodef-btn qodef-btn-small qodef-btn-simple qodef-btn-icon\"  >    <span class=\"qodef-btn-text\"><span class=\"qodef-btn-text-inner\"><\/span><\/span>    <span class=\"qodef-btn-text-inner qodef-btn-text-inner-icon\">    \t<i class=\"qodef-icon-ion-icon ion-arrow-right-c \" ><\/i>    \t<i class=\"qodef-icon-ion-icon ion-arrow-right-c \" ><\/i>\t    <\/span><\/a>\t\t\t\t\t\t<\/div>\n\t\t\t\t\t\t\t\t\t<\/div>\n\t\t\t<\/div>\n\n\t\t<\/div>\n\n\n\n\t\t<div class=\"qodef-ib-overlay\" ><\/div>\n\t<\/div>\n<\/div>[\/vc_column][vc_column width=&#8220;1\/4&#8243;]<div class=\"qodef-info-box-holder\">\n\n\t<div class=\"qodef-info-box-inner\">\n\t\t<div class=\"qodef-ib-front-holder\">\n\t\t\t<div class=\"qodef-ib-front-holder-inner\">\n\t\t\t\t<div class=\"qodef-ib-top-holder\">\n\t\t\t\t\t\t\t\t\t\t\t<div class=\"qodef-ib-icon-holder\">\n\t\t\t\t\t\t\t\t\t\t\t\t\t\t\t<img width=\"512\" height=\"512\" src=\"http:\/\/www.kursstudio.de\/wp-content\/uploads\/2021\/06\/mail.png\" class=\"attachment-full size-full\" alt=\"\" decoding=\"async\" loading=\"lazy\" srcset=\"http:\/\/www.kursstudio.de\/wp-content\/uploads\/2021\/06\/mail.png 512w, http:\/\/www.kursstudio.de\/wp-content\/uploads\/2021\/06\/mail-150x150.png 150w, http:\/\/www.kursstudio.de\/wp-content\/uploads\/2021\/06\/mail-300x300.png 300w\" sizes=\"(max-width: 512px) 100vw, 512px\" \/>\t\t\t\t\t\t\t\t\t\t\t\t\t<\/div>\n\t\t\t\t\t\n\t\t\t\t\t\t\t\t\t\t\t<div class=\"qodef-ib-title-holder\">\n\t\t\t\t\t\t\t<h3 class=\"qodef-ib-title\">Schreib uns<\/h3>\n\t\t\t\t\t\t<\/div>\n\t\t\t\t\t\t\t\t\t<\/div>\n\n\t\t\t\t<div class=\"qodef-ib-bottom-holder\">\n\t\t\t\t\t\t\t\t\t\t\t<div class=\"qodef-ib-text-holder\">\n\t\t\t\t\t\t\t<p>a4pluskursstudio@online.de<\/p>\n\t\t\t\t\t\t<\/div>\n\t\t\t\t\t\n\t\t\t\t\t\t\t\t\t\t\t<div class=\"qodef-ib-button-holder\">\n\t\t\t\t\t\t\t<a itemprop=\"url\" href=\"#\" target=\"_self\"  class=\"qodef-btn qodef-btn-small qodef-btn-simple qodef-btn-icon\"  >    <span class=\"qodef-btn-text\"><span class=\"qodef-btn-text-inner\"><\/span><\/span>    <span class=\"qodef-btn-text-inner qodef-btn-text-inner-icon\">    \t<i class=\"qodef-icon-ion-icon ion-arrow-right-c \" ><\/i>    \t<i class=\"qodef-icon-ion-icon ion-arrow-right-c \" ><\/i>\t    <\/span><\/a>\t\t\t\t\t\t<\/div>\n\t\t\t\t\t\t\t\t\t<\/div>\n\t\t\t<\/div>\n\n\t\t<\/div>\n\n\n\n\t\t<div class=\"qodef-ib-overlay\" ><\/div>\n\t<\/div>\n<\/div>[\/vc_column][\/vc_row]<\/p>\n<\/section>","protected":false},"excerpt":{"rendered":"<p>[vc_row enable_grid_lines=&#8220;&#8220;][vc_column][vc_empty_space][\/vc_column][\/vc_row][vc_row enable_grid_lines=&#8220;&#8220;][vc_column width=&#8220;1\/4&#8243;][\/vc_column][vc_column width=&#8220;1\/4&#8243;][\/vc_column][vc_column width=&#8220;1\/4&#8243;][\/vc_column][vc_column width=&#8220;1\/4&#8243;][\/vc_column][\/vc_row]<\/p>\n","protected":false},"author":2,"featured_media":0,"parent":0,"menu_order":0,"comment_status":"closed","ping_status":"closed","template":"full-width.php","meta":{"footnotes":"","_links_to":"","_links_to_target":""},"_links":{"self":[{"href":"http:\/\/www.kursstudio.de\/index.php?rest_route=\/wp\/v2\/pages\/3984"}],"collection":[{"href":"http:\/\/www.kursstudio.de\/index.php?rest_route=\/wp\/v2\/pages"}],"about":[{"href":"http:\/\/www.kursstudio.de\/index.php?rest_route=\/wp\/v2\/types\/page"}],"author":[{"embeddable":true,"href":"http:\/\/www.kursstudio.de\/index.php?rest_route=\/wp\/v2\/users\/2"}],"replies":[{"embeddable":true,"href":"http:\/\/www.kursstudio.de\/index.php?rest_route=%2Fwp%2Fv2%2Fcomments&post=3984"}],"version-history":[{"count":29,"href":"http:\/\/www.kursstudio.de\/index.php?rest_route=\/wp\/v2\/pages\/3984\/revisions"}],"predecessor-version":[{"id":4876,"href":"http:\/\/www.kursstudio.de\/index.php?rest_route=\/wp\/v2\/pages\/3984\/revisions\/4876"}],"wp:attachment":[{"href":"http:\/\/www.kursstudio.de\/index.php?rest_route=%2Fwp%2Fv2%2Fmedia&parent=3984"}],"curies":[{"name":"wp","href":"https:\/\/api.w.org\/{rel}","templated":true}]}}