{"id":1690,"date":"2018-07-10T08:48:08","date_gmt":"2018-07-10T06:48:08","guid":{"rendered":"http:\/\/www.kursstudio.de\/?page_id=1690"},"modified":"2026-03-16T22:24:24","modified_gmt":"2026-03-16T20:24:24","slug":"kursplan-aktuell","status":"publish","type":"page","link":"http:\/\/www.kursstudio.de\/?page_id=1690","title":{"rendered":"Dein Kursplan"},"content":{"rendered":"<section class=\"wpb-content-wrapper\"><p>[vc_row enable_grid_lines=&#8220;&#8220;][vc_column][vc_btn title=&#8220;Lade hier deinen Kursplan ab M\u00e4rz 2026 in pdf.-Format runter.&#8220; color=&#8220;warning&#8220; size=&#8220;lg&#8220; align=&#8220;center&#8220; i_type=&#8220;openiconic&#8220; css_animation=&#8220;lightSpeedIn&#8220; add_icon=&#8220;true&#8220; css=&#8220;.vc_custom_1773692675115{background-color: #dd9933 !important;border-radius: 10px !important;}&#8220; link=&#8220;url:http%3A%2F%2Fwww.kursstudio.de%2Fwp-content%2Fuploads%2F2026%2F03%2FKursplan-ab-Maerz-2026.pdf|title:Kursplan%202025|target:_blank&#8220;][\/vc_column][\/vc_row][vc_row enable_grid_lines=&#8220;&#8220;][vc_column][vc_empty_space][vc_raw_html]JTNDaWZyYW1lJTIwJTBBd2lkdGglM0QlMjIxMDAlMjUlMjIlMjAlMEFoZWlnaHQlM0QlMjIxNDUwcHglMjIlMjAlMEFzcmMlM0QlMjJodHRwcyUzQSUyRiUyRnd3dy5ldmVyc3BvcnRzLmRlJTJGd2lkZ2V0JTJGdyUyRjk1OS1vSCUyMiUwQWZyYW1lYm9yZGVyJTNEJTIyMCUyMiUzRSUwQSUzQyUyRmlmcmFtZSUzRSUwQSUwQQ==[\/vc_raw_html][\/vc_column][\/vc_row][vc_row enable_grid_lines=&#8220;&#8220;][vc_column][vc_empty_space][vc_separator][vc_empty_space][\/vc_column][\/vc_row][vc_row enable_grid_lines=&#8220;&#8220;][vc_column][vc_cta h2=&#8220;Deine Fragen zum Buchungssystem&#8220; txt_align=&#8220;center&#8220;]<strong>Welche Buchungsm\u00f6glichkeiten gibt es?<\/strong><\/p>\n<p>Du kannst einen festen Zeitraum, eine sog. Staffel buchen, meist \u00fcber vier bis f\u00fcnf Wochen.<br \/>\nDann hast Du \u00fcber diesen Zeitraum einen garantierten Platz.<br \/>\nBist Du verhindert, kann leider bei der online-Buchung keine R\u00fcckerstattung erfolgen. Wir empfehlen<br \/>\nDir in besonderen F\u00e4llen (Krankheit) mit uns Kontakt aufzunehmen um f\u00fcr Dich eine kundengerechte<br \/>\nL\u00f6sung zu finden.<br \/>\n<strong>Du kannst einen Einzeltermin buchen<\/strong><br \/>\nDu bist hier flexibler, allerdings musst Du im Buchungssystem schauen, ob ein Platz f\u00fcr Deinen<br \/>\ngew\u00fcnschten Kurs frei ist.<\/p>\n<p>&nbsp;<\/p>\n<p><strong>Ich bin verhindert und m\u00f6chte meinen Platz \u00fcbertragen, geht das?<\/strong><br \/>\nHier bitte wir Dich mit uns Kontakt aufzunehmen, damit wir das organisatorisch regeln k\u00f6nnen , u.a.<br \/>\nUnfallversicherung<\/p>\n<p>&nbsp;<\/p>\n<p><strong>Bietet ihr Zehnerkarten an?<\/strong><br \/>\nJa\/Nein \u2013 Du kannst \u00fcber Gutscheine Deinen gew\u00fcnschten Betrag w\u00e4hlen. Mit diesem Guthaben<br \/>\n(Gutschein-Code) kannst Du Deine Einzelstunden buchen.<br \/>\nDer Vorteil ist, dass Du im Prinzip jeden Kurs w\u00e4hlen kannst, sofern Einzeltickets zur Verf\u00fcgung<br \/>\nstehen.<\/p>\n<p>&nbsp;<\/p>\n<p><strong>Ich m\u00f6chte einen Kurs oder ein Einzeltraining verschenken?<\/strong><br \/>\nDu kannst \u00fcber die Rubrik Gutscheine Deinen Betrag w\u00e4hlen und mit dem Gutschein-Code kann der<br \/>\nBeschenkte sich anmelden.<\/p>\n<p>&nbsp;<\/p>\n<p><strong>Kann ich Termine stornieren?<\/strong><br \/>\nDu kannst mit der entsprechender Vorlaufzeit von bis zu 12 Stunden vor Beginn deiner Aktivit\u00e4t<br \/>\nDeine Buchung stornieren und bekommst Dein Geld zur\u00fcck.<\/p>\n<p>Beachte bitte: bei Buchung eines Gesamtticket der 4oder 5er-Kurse ist eine Stornierung nur 12<br \/>\nStunden vor Start der Terminserie (erster Kurstag der Serie) m\u00f6glich, da ansonst alle Termine auf<br \/>\neinmal storniert werden.<br \/>\nWie schon erl\u00e4utert: solltest du ein Gesamtticket gebucht haben und w\u00e4hrend einer Terminserie<br \/>\nkrank werden, wende dich hierzu bitte auch direkt an uns und wir finden eine passende L\u00f6sung<\/p>\n<p>&nbsp;<\/p>\n<p><strong>Muss ich immer nur online buchen?<\/strong><br \/>\nDu kannst auch direkt vor Ort Deine Reservierung vornehmen. Wir tragen Dich dann entsprechend<br \/>\nf\u00fcr den gew\u00e4hlten Kurs ein.<\/p>\n<p>&nbsp;<\/p>\n<p><strong>Kann ich nur \u00fcber PayPal oder Kreditkarte oder Lastschrift bezahlen?<\/strong><br \/>\nDu kannst auch vor Ort bezahlen. Wir best\u00e4tigen Dir Deine Bezahlung mit eine Quittung.<\/p>\n<p>&nbsp;<\/p>\n<p><strong>Eine Kursstunde muss unsererseits abgesagt werden? Was sind die Folgen mich?<\/strong><br \/>\nAuch ich als Trainerin kann ausfallen. Hier verst\u00e4ndigen wir Dich so schnell wie m\u00f6glich. Die Stunde<br \/>\nkann nachgeholt werden oder falls Du bar gezahlt hast, k\u00f6nnen wir Dir auch den Stundensatz<br \/>\nerstatten.<\/p>\n<p>Bei der Online \u2013 Buchung ist das nicht m\u00f6glich. Wir bezahlen pro online-Buchung ca. 2 Euro<br \/>\nTransfergeb\u00fchren f\u00fcr die Zahlungssysteme. Daher ist eine komplette R\u00fcckerstattung hier nicht<br \/>\nm\u00f6glich<\/p>\n<p>&nbsp;<\/p>\n<p><strong>Finden die Kurse immer statt? \u2013 Mindestteilnehmerzahl?<\/strong><br \/>\nDie Mindesteilnehmerzahl betr\u00e4gt 3 Teilnehmer pro Kurs. Wird die notwendige Mindestteilnehmerzahl<br \/>\nnicht erreicht, wird der Kurs automatisch 1 Stunde vor Beginn per Mail abgesagt und deine Teilnahme<br \/>\nstorniert. Geld wird zur\u00fcckgebucht bzw. ausbezahlt.<\/p>\n<p>Stand: Februar 2024[\/vc_cta][\/vc_column][\/vc_row][vc_column width=&#8220;3\/4&#8243;][\/vc_column]<\/p>\n<\/section>","protected":false},"excerpt":{"rendered":"<p>[vc_row enable_grid_lines=&#8220;&#8220;][vc_column][vc_btn title=&#8220;Lade hier deinen Kursplan ab M\u00e4rz 2026 in pdf.-Format runter.&#8220; color=&#8220;warning&#8220; size=&#8220;lg&#8220; align=&#8220;center&#8220; i_type=&#8220;openiconic&#8220; css_animation=&#8220;lightSpeedIn&#8220; add_icon=&#8220;true&#8220; css=&#8220;.vc_custom_1773692675115{background-color: #dd9933 !important;border-radius: 10px !important;}&#8220; link=&#8220;url:http%3A%2F%2Fwww.kursstudio.de%2Fwp-content%2Fuploads%2F2026%2F03%2FKursplan-ab-Maerz-2026.pdf|title:Kursplan%202025|target:_blank&#8220;][\/vc_column][\/vc_row][vc_row enable_grid_lines=&#8220;&#8220;][vc_column][vc_empty_space][vc_raw_html]JTNDaWZyYW1lJTIwJTBBd2lkdGglM0QlMjIxMDAlMjUlMjIlMjAlMEFoZWlnaHQlM0QlMjIxNDUwcHglMjIlMjAlMEFzcmMlM0QlMjJodHRwcyUzQSUyRiUyRnd3dy5ldmVyc3BvcnRzLmRlJTJGd2lkZ2V0JTJGdyUyRjk1OS1vSCUyMiUwQWZyYW1lYm9yZGVyJTNEJTIyMCUyMiUzRSUwQSUzQyUyRmlmcmFtZSUzRSUwQSUwQQ==[\/vc_raw_html][\/vc_column][\/vc_row][vc_row enable_grid_lines=&#8220;&#8220;][vc_column][vc_empty_space][vc_separator][vc_empty_space][\/vc_column][\/vc_row][vc_row enable_grid_lines=&#8220;&#8220;][vc_column][vc_cta h2=&#8220;Deine Fragen zum Buchungssystem&#8220; txt_align=&#8220;center&#8220;]Welche Buchungsm\u00f6glichkeiten gibt es? Du kannst einen festen Zeitraum, [&hellip;]<\/p>\n","protected":false},"author":2,"featured_media":0,"parent":0,"menu_order":0,"comment_status":"closed","ping_status":"closed","template":"full-width.php","meta":{"footnotes":"","_links_to":"","_links_to_target":""},"_links":{"self":[{"href":"http:\/\/www.kursstudio.de\/index.php?rest_route=\/wp\/v2\/pages\/1690"}],"collection":[{"href":"http:\/\/www.kursstudio.de\/index.php?rest_route=\/wp\/v2\/pages"}],"about":[{"href":"http:\/\/www.kursstudio.de\/index.php?rest_route=\/wp\/v2\/types\/page"}],"author":[{"embeddable":true,"href":"http:\/\/www.kursstudio.de\/index.php?rest_route=\/wp\/v2\/users\/2"}],"replies":[{"embeddable":true,"href":"http:\/\/www.kursstudio.de\/index.php?rest_route=%2Fwp%2Fv2%2Fcomments&post=1690"}],"version-history":[{"count":365,"href":"http:\/\/www.kursstudio.de\/index.php?rest_route=\/wp\/v2\/pages\/1690\/revisions"}],"predecessor-version":[{"id":5056,"href":"http:\/\/www.kursstudio.de\/index.php?rest_route=\/wp\/v2\/pages\/1690\/revisions\/5056"}],"wp:attachment":[{"href":"http:\/\/www.kursstudio.de\/index.php?rest_route=%2Fwp%2Fv2%2Fmedia&parent=1690"}],"curies":[{"name":"wp","href":"https:\/\/api.w.org\/{rel}","templated":true}]}}